ided by 5417.
10
What is the remainder when 570 is divided by 335?
235
Calculate the remainder when 3235 is divided by 1063.
46
Calculate the remainder when 23962 is divided by 221.
94
What is the remainder when 2523 is divided by 2503?
20
What is the remainder when 121044 is divided by 316?
16
What is the remainder when 60698 is divided by 171?
164
What is the remainder when 104811 is divided by 145?
121
What is the remainder when 2692 is divided by 22?
8
Calculate the remainder when 1309 is divided by 322.
21
Calculate the remainder when 732 is divided by 313.
106
What is the remainder when 40147 is divided by 24?
19
Calculate the remainder when 9124 is divided by 284.
36
What is the remainder when 13114 is divided by 14?
10
What is the remainder when 8424 is divided by 2686?
366
Calculate the remainder when 6941 is divided by 139.
130
Calculate the remainder when 2333 is divided by 18.
11
Calculate the remainder when 185123 is divided by 1638.
29
Calculate the remainder when 293 is divided by 43.
35
What is the remainder when 3713 is divided by 291?
221
Calculate the remainder when 500079 is divided by 56.
55
Calculate the remainder when 7743 is divided by 1933.
11
Calculate the remainder when 2463 is divided by 5.
3
What is the remainder when 9425 is divided by 3132?
29
What is the remainder when 2438 is divided by 2425?
13
What is the remainder when 3896 is divided by 115?
101
Calculate the remainder when 23371 is divided by 425.
421
What is the remainder when 48344 is divided by 183?
32
What is the remainder when 11802 is divided by 157?
27
What is the remainder when 125405 is divided by 18?
17
Calculate the remainder when 4671 is divided by 327.
93
Calculate the remainder when 5838 is divided by 195.
183
What is the remainder when 3415 is divided by 427?
426
What is the remainder when 374847 is divided by 7?
4
What is the remainder when 3109 is divided by 151?
89
What is the remainder when 5728 is divided by 3?
1
Calculate the remainder when 38678 is divided by 678.
32
What is the remainder when 829631 is divided by 779?
775
Calculate the remainder when 1583441 is divided by 503.
500
Calculate the remainder when 148780 is divided by 3234.
16
What is the remainder when 80725 is divided by 117?
112
Calculate the remainder when 34967 is divided by 7.
2
What is the remainder when 1869 is divided by 7?
0
What is the remainder when 96666 is divided by 70?
66
Calculate the remainder when 67675 is divided by 846.
841
Calculate the remainder when 5047 is divided by 833.
49
What is the remainder when 2048368 is divided by 17?
4
Calculate the remainder when 483 is divided by 85.
58
Calculate the remainder when 10334 is divided by 12.
2
Calculate the remainder when 3700900 is divided by 1338.
1330
Calculate the remainder when 11855 is divided by 12.
11
Calculate the remainder when 82237 is divided by 2.
1
What is the remainder when 30060 is divided by 791?
2
Calculate the remainder when 161172 is divided by 1127.
11
What is the remainder when 236388 is divided by 1060?
8
Calculate the remainder when 4066 is divided by 164.
130
What is the remainder when 49952 is divided by 33?
23
Calculate the remainder when 209588 is divided by 24.
20
What is the remainder when 8037 is divided by 538?
505
Calculate the remainder when 99149 is divided by 8.
5
What is the remainder when 201676 is divided by 2318?
10
Calculate the remainder when 25113 is divided by 25108.
5
What is the remainder when 3467 is divided by 2344?
1123
Calculate the remainder when 14390 is divided by 81.
53
Calculate the remainder when 17746 is divided by 8869.
8
What is the remainder when 2435 is divided by 192?
131
What is the remainder when 6831 is divided by 242?
55
Calculate the remainder when 20012 is divided by 552.
140
What is the remainder when 4239200 is divided by 977?
974
Calculate the remainder when 59432 is divided by 4244.
16
Calculate the remainder when 3863 is divided by 480.
23
Calculate the remainder when 35503 is divided by 790.
743
Calculate the remainder when 152874 is divided by 50946.
36
Calculate the remainder when 1919 is divided by 593.
140
What is the remainder when 21858 is divided by 136?
98
Calculate the remainder when 17008 is divided by 126.
124
What is the remainder when 190 is divided by 40?
30
What is the remainder when 47331 is divided by 285?
21
What is the remainder when 5705 is divided by 1188?
953
What is the remainder when 5409 is divided by 768?
33
What is the remainder when 237150 is divided by 483?
480
Calculate the remainder when 1306 is divided by 25.
6
Calculate the remainder when 18364 is divided by 1087.
972
Calculate the remainder when 9056 is divided by 2428.
1772
Calculate the remainder when 4972 is divided by 149.
55
Calculate the remainder when 9510 is divided by 19.
10
Calculate the remainder when 181887 is divided by 49.
48
Calculate the remainder when 3952 is divided by 1971.
10
Calculate the remainder when 1009422 is divided by 34.
30
Calculate the remainder when 338399 is divided by 120.
119
Calculate the remainder when 196280 is divided by 33.
29
What is the remainder when 11774 is divided by 245?
14
What is the remainder when 9188 is divided by 764?
20
What is the remainder when 124436 is divided by 68?
64
What is the remainder when 30844 is divided by 30836?
8
Calculate the remainder when 601718 is divided by 49.
47
Calculate the remainder when 76767 is divided by 1163.
9
What is the remainder when 15959 is divided by 664?
23
What is the remainder when 12144 is divided by 450?
444
What is the remainder when 9287 is divided by 625?
537
What is the remainder when 1352 is divided by 518?
316
Calculate the remainder when 13459 is divided by 594.
391
Calculate the remainder when 2967 is divided by 245.
27
Calculate the remainder when 33206 is divided by 3311.
96
Calculate the remainder when 25704 is divided by 3671.
7
Calculate the remainder when 939 is divided by 289.
72
Calculate the remainder when 94480 is divided by 87.
85
Calculate the remainder when 26658 is divided by 88.
82
Calculate the remainder when 18384 is divided by 53.
46
What is the remainder when 4266 is divided by 267?
261
What is the remainder when 76654 is divided by 233?
230
Calculate the remainder when 36557 is divided by 6.
5
What is the remainder when 767461 is divided by 141?
139
Calculate the remainder when 28833 is divided by 524.
13
What is the remainder when 13888 is divided by 1710?
208
What is the remainder when 8990 is divided by 2208?
158
What is the remainder when 55885 is divided by 8?
5
What is the remainder when 4687 is divided by 258?
43
Calculate the remainder when 7707986 is divided by 15.
11
Calculate the remainder when 198965 is divided by 101.
96
Calculate the remainder when 2584 is divided by 202.
160
What is the remainder when 22644 is divided by 2830?
4
Calculate the remainder when 40743 is divided by 20370.
3
Calculate the remainder when 4948 is divided by 355.
333
What is the remainder when 36939 is divided by 30?
9
What is the remainder when 2464 is divided by 81?
34
Calculate the remainder when 3940 is divided by 400.
340
What is the remainder when 28270 is divided by 1648?
254
What is the remainder when 257755 is divided by 117?
4
What is the remainder when 132385 is divided by 67?
60
Calculate the remainder when 5485 is divided by 1289.
329
Calculate the remainder when 44497 is divided by 144.
1
What is the remainder when 9975 is divided by 4980?
15
Calculate the remainder when 149 is divided by 133.
16
What is the remainder when 313610 is divided by 163?
161
What is the remainder when 57527 is divided by 846?
845
Calculate the remainder when 196372 is divided by 46.
44
Calculate the remainder when 4940 is divided by 1042.
772
What is the remainder when 6324 is divided by 3159?
6
Calculate the remainder when 5676 is divided by 1841.
153
What is the remainder when 6316 is divided by 1576?
12
Calculate the remainder when 109 is divided by 44.
21
Calculate the remainder when 65999 is divided by 176.
175
Calculate the remainder when 32958 is divided by 701.
11
Calculate the remainder when 641323 is divided by 51.
49
What is the remainder when 3217 is divided by 895?
532
What is the remainder when 18914 is divided by 9373?
168
What